(-3). Suppose 395 = -3*x - g + 2774, x - h*g - 793 = 0. Is x a prime number?
False
Suppose 4*t - 4*x - 432 = 0, t - 6*t + 519 = 2*x. Let a be 84/t + 519/(-5). Let q = -70 - a. Is q a composite number?
True
Let o = -4022 + 5703. Is o composite?
True
Suppose -g + 25 - 105 = 0. Let l = -37 - g. Is l prime?
True
Let d be 7*(-1 - -2 - 2). Is 495/1 + (-14)/d composite?
True
Suppose -f - 150 = -0*z - 2*z, 3*z + 5*f = 251. Suppose -131 - z = -4*m. Suppose -5*w + m = 2*p, -3*p + w + 82 = p. Is p composite?
True
Suppose 1112 - 3986 = -3*w. Suppose -110 = 4*l - w. Suppose -5*y + l = 3*m, 5*m = 2*m - 4*y + 217. Is m composite?
False
Is 3644 + (-56)/((-16)/(-2)) a composite number?
False
Let q(b) be the second derivative of -13*b**7/420 - b**5/120 + b**4/24 + b**3/6 + 6*b. Let c(z) be the second derivative of q(z). Is c(-2) composite?
False
Suppose -6*i + 13928 = -13570. Is i a composite number?
False
Suppose 5*i = 4*j - 10, 4*j - j = 5*i + 5. Is ((-7)/i)/(1/(-106)) a prime number?
False
Let t(l) = -l**2 + 3. Let m be t(0). Let x(u) = 86*u**2 - 9*u + 2. Is x(m) prime?
False
Suppose 0 = z, z + 340 + 592 = 2*a. Let u be (-93)/(-4) - 2/8. Let n = a - u. Is n a prime number?
True
Let k = 343 + 24328. Is k a prime number?
True
Let a(o) = 6*o**2 + 2 + 18*o**3 - 9*o**3 + 5*o + 10*o**2 - 10*o**3. Is a(11) composite?
True
Let v = -200 - -531. Is v prime?
True
Let u = 4722 - 3245. Is u a prime number?
False
Let b(v) = -v**3 + 26*v**2 + 5*v + 99. Is b(20) composite?
True
Suppose 4*d = -0*d. Suppose d = -4*w - 0*m + 2*m + 8, 3*m + 8 = 4*w. Let q(l) = 16*l**3 + 2*l**2 - 4*l + 3. Is q(w) composite?
False
Let a(i) = 3*i**2 + 3*i + 1. Let v be (1 + 0 - -2)*-1. Let j be v/12 + (-15)/4. Is a(j) prime?
True
Let v = 69 + -45. Suppose 5*p - 3*t = -v, 0*p = p + t. Is (-667)/p - (-22)/33 a composite number?
False
Suppose -g - 2*i = -936 - 670, 4*g = 5*i + 6463. Let y = g + -269. Is y prime?
False
Let m(z) = -z**2 + 7*z - 1. Let w be m(6). Suppose w*b = 10, 5*q - 3*b + 10 = 2*b. Suppose q = -0*n - 4*n + 148. Is n composite?
False
Suppose 3*j = 12 + 9. Suppose 0 = 5*v - j*v - 172. Let a = 3 - v. Is a prime?
True
Let z(h) = -79*h + 3. Let w = -15 - -19. Suppose 3*m = 3*u, 0*m - u - 5 = w*m. Is z(m) composite?
True
Suppose -2*g + u + 5 = -g, g + 4*u = -10. Suppose 3*y = 4*z - 1069 - 147, 8 = g*y. Is z a composite number?
False
Suppose -10 = -4*c + 6. Suppose -c*y - 790 = -6*y. Is y a prime number?
False
Let c be -5 + 1 + 2 - -91. Suppose -121 = 5*b + c. Let m = -23 - b. Is m prime?
True
Suppose 0 = 10*g - 18338 - 4992. Is g a composite number?
False
Let f(m) = 155*m - 3. Let r be f(1). Suppose 102*s + r = 106*s. Is s a prime number?
False
Let c(x) be the first derivative of x**5/30 + x**4/8 - 11*x**3/6 - 13*x**2/2 + 13. Let y(z) be the second derivative of c(z). Is y(6) composite?
False
Let q(a) = -a**3 - 27*a**2 + a + 26. Let m be q(-27). Let t(c) = 989*c**2 + 2*c + 2. Is t(m) a prime number?
False
Let l(s) = -1201*s - 120. Is l(-7) a composite number?
False
Suppose 4747 = -6*k + 19645. Is k composite?
True
Let f(t) = -t**3 + 5*t**2 - 4*t + 3. Let w be f(3). Suppose -6*r - 9 = -w*r. Suppose 0 = 8*n - r*n - 285. Is n a composite number?
True
Let f(t) = -10*t + 130. Let m be f(-14). Let a(d) = d**2 + 4*d. Let x be a(-3). Is 4/12*(x + m) composite?
False
Suppose -495 = -6*v - 69. Is v a prime number?
True
Let i = 60 - 55. Suppose -i*y + 2*s - 7*s + 705 = 0, 0 = -5*s - 5. Is y composite?
True
Let j = -188 - -544. Let x = 25 + j. Is x prime?
False
Let w be -1 - 201/(-3) - -1. Let v(u) = 164*u - 2. Let d be v(1). Let r = d - w. Is r prime?
False
Let n(c) = 1475*c - 18. Is n(1) a composite number?
True
Suppose -20*y + 52895 + 5645 = 0. Is y composite?
False
Let q = -19974 - -31861. Is q a prime number?
True
Let g be 1*(1 + (1 - 3)). Let a be (4 - (3 + g))/2. Is 403/(0 + a) + 0 a composite number?
True
Let k be (-5 - -2)*1 + 9. Suppose k*z - 2*z = 3*m - 30, -3*z - 21 = -2*m. Is (-2 - 1)*(-8)/m prime?
False
Let b(d) = d**2 + 17*d - 31. Let o be b(-19). Suppose 10269 = o*x + 2*x. Is x a prime number?
False
Let t = -43 - 14. Is 19/t*(-2432 - 1) prime?
True
Let h(q) = -8 + 3 - 108*q - 20. Is h(-6) a composite number?
True
Let n(l) be the third derivative of 219*l**5/20 - l**4/24 + l**3/6 - 13*l**2. Is n(-2) prime?
False
Suppose 23 = 4*x + 3. Is 194/2*(32 + -7)/x a prime number?
False
Let g(f) = 45*f**2 + 49*f + 43. Let t(x) = 11*x**2 + 12*x + 11. Let v(k) = -2*g(k) + 9*t(k). Is v(6) a composite number?
False
Suppose 7*d - 57068 = 81525. Is d a prime number?
False
Let g = 7 + -1. Let y(f) = -f**2 + 0 + 11*f**2 - 3 - g*f + 8. Is y(9) a prime number?
True
Let c = 47 - 73. Let g = 39 + c. Let m(i) = -i**3 + 13*i**2 + 15*i - 4. Is m(g) a prime number?
True
Suppose -221658 + 12176 = -14*s. Is s a composite number?
True
Suppose 0 = -2*f - f + 12. Let d(k) = -4*k**2 + 2*k + 10. Let t(a) = a**3 - 9*a**2 + 5*a + 21. Let z(c) = -7*d(c) + 3*t(c). Is z(f) prime?
False
Suppose l - 5*k = -6, -l + 3*k - 4 - 6 = 0. Let q = l - -13. Is ((-1272)/(-3))/4 + q a prime number?
True
Suppose -2*i - 283 = -3*i. Let o(b) = -b**2 + 10*b - 17. Let x be o(7). Suppose -73 - i = -x*v. Is v a prime number?
True
Suppose -4426 = -m + 4*c + 2507, 2*c - 13876 = -2*m. Is m prime?
False
Let q be (-3)/((-2)/198*-3). Let u = 123 - 65. Let s = u - q. Is s prime?
True
Let s = 61484 - -31431. Is s composite?
True
Suppose 148*g + 37482 = 154*g. Is g composite?
False
Let a = 167 - -1896. Is a composite?
False
Let j = 246 + -7. Is j composite?
False
Let b(m) = 24*m**2 + 37*m + 18. Is b(31) a prime number?
True
Suppose -2*k + 5 = 5*w, -4*k + 49 = 2*w - 5*w. Let r be (-916)/20 - (-8)/k. Is (-10)/r - 2775/(-27) a composite number?
False
Suppose 4*b + w = 14352, b = 5*b + 4*w - 14340. Is b prime?
False
Suppose 7 = -5*m + x, -2*m + 3*x - 12 = -2*x. Let c be -508 + (3 - m/(-1)). Let p = -133 - c. Is p a composite number?
False
Suppose -441 = -o - 91. Suppose -o = -2*f - 4*m, 3*f = -f + 5*m + 674. Is (-698)/(-18) - (-38)/f prime?
False
Suppose 34*z - 884382 = 1606424. Is z composite?
False
Let r(c) be the first derivative of c**3 + c**2 - 13*c + 18. Is r(12) prime?
True
Let y = -14960 + 26073. Is y composite?
False
Is (((-21)/14)/3)/(3/(-38310)) a composite number?
True
Let c(t) = t + 1. Let f be 2/6 + 16/6. Let j be c(f). Suppose -h = -j*r + 126, -2 = -3*h + 4*h. Is r composite?
False
Let g = 213 + -233. Suppose 2*d + 3*d + 15 = 0, 4*l - 92 = -4*d. Let u = g + l. Is u composite?
True
Let m(t) = -t**3 + t**2 + 3*t - 16. Let w be (3*7/3)/(-1). Is m(w) prime?
False
Let d(q) = -4*q**3 - 5*q**2 + 6*q - 16. Let o be d(12). Let k be 1/(4*(-2)/o). Suppose -k = -4*a + 417. Is a a composite number?
True
Is (-1662576)/(-208) - 2/13 a composite number?
False
Suppose -16809 = -2*d + 5*j, 58*j - 8402 = -d + 63*j. Is d a composite number?
True
Let o = 912 + -358. Let q be 3/(9/6) + -398. Let k = q + o. Is k composite?
True
Is (-50)/(-75) + (-7276)/(-3) a prime number?
False
Suppose -4*x + 2*r = -64200, -8*r + 64192 = 4*x - 6*r. Is x prime?
False
Let k = -53 - -56. Is k/2 - 26663/(-26) prime?
False
Let d = 3425 - 1912. Is d prime?
False
Let h(x) = -13702*x - 771. Is h(-7) prime?
True
Let k(i) = 8*i**2 + 3*i - 2. Let x be k(5). Suppose 11*t - x = 1261. Is t composite?
True
Let x(u) = -u**2 - 20*u - 1. Let z be x(-20). Is (4/6)/((-14908)/14916 - z) a composite number?
True
Let u = 17158 - -1737. Is u composite?
True
Suppose y - 16 = -4*k - 0*k, -4*y + 4 = k. Suppose 0 = 3*h + 2*m - 312, k*h - 596 = -3*m - 181. Is h a prime number?
False
Let l(b) = -b**3 + 15*b**2 - 14*b + 5. Let z be l(14). Suppose 4*d - h - 8260 = 0, -3*d + 8236 = d + z*h. Is (-2)/(-10) + d/30 a prime number?
False
Let v(x) = -169*x + 24. Suppose 0 = 5*j + 197 - 142. Is v(j) composite?
True
Let k(b) = 3*b**3 + 6*b**2 - 50*b + 4. Is k(7) composite?
False
Let k be (11/(-44))/((-1)/44). Let t = 14 - k. Suppose t*w - 1648 = -367. Is w prime?
False
Let d(y) be the third derivative of y**4/24 - y**3/2 + 10*y**2. Let k be d(-3). Let u(m) = -m**3 + 8*m**2 + 7*m - 8. Is u(k) composite?
True
Let a(q) = 3*q + 5. Let m be a(0). Suppose 948 = m*o - o. Is o a prime number?
False
Suppose 3*o = -0*o + 2*l + 529162, 0 = o + l - 176389. Is o/60 + (-4)/5 a composite number?
False
Let k = 86 - 83. Let v(x) = 4